{"id":26146,"date":"2026-03-11T08:18:03","date_gmt":"2026-03-11T07:18:03","guid":{"rendered":"https:\/\/www.mlc-munich.de\/web\/?post_type=tribe_events&#038;p=26146"},"modified":"2026-03-11T08:18:38","modified_gmt":"2026-03-11T07:18:38","slug":"mlc-wandertag-gemeinsam-mit-dem-goc","status":"publish","type":"tribe_events","link":"https:\/\/www.mlc-munich.de\/web\/en\/veranstaltung\/mlc-wandertag-gemeinsam-mit-dem-goc\/","title":{"rendered":"MLC Wandertag gemeinsam mit dem GOC"},"content":{"rendered":"<p>Fast schon traditionell erwandern wir uns zum Start der Pride-Week in M\u00fcnchen gemeinsam mit unseren Freunden vom GOC, der queeren Sektion des Deutschen Alpenvereins die M\u00fcnchener Hausberge: Dieses Jahr geht\u00b4s vom Schliersee \u00fcber die Gindel- und Neureuthalm zum Tegernsee. Die Tour ist damit deutlich weniger anstrengend, wie unser vergangener Wandertag auf den Wank bei Garmisch. <\/p>\n<p>Damit das gemeinsame Kennenlernen schon auf der Fahrt mit einer Brezn (wird vom MLC beigesteuert) beginnen kann, fahren wir mit der Bahn nach Schliersee. Die Almen laden zum Rasten mit Ratschen ein und auf dem\/der Gindelalmschneeid machen wir das ebenfalls schon traditionelle 2-Fahnen-Gipfelfoto. In Tegernsee spendiert der GOC ein Eis am Stil oder in der T\u00fcte ein und zum Abschlu\u00df  springen wir vielleicht noch in den Tegernsee bevor es mit der Bahn zur\u00fcck nach M\u00fcnchen geht.<\/p>\n<p>Wer am Abend dann noch mit den neuen oder alten Freunden feiern will, ist dazu ins UnderGround zur Sneakers&#038;Sports&#038;Scally Party eingeladen.<\/p>\n<p>Erforderliche Ausr\u00fcstung: Bergschuhe, Sonnenschutz und Getr\u00e4nke<br \/>\nTreffpunkt wird nach der Anmeldung mitgeteilt.<\/p>\n<p>Anmeldung per E-Mail erforderlich an: benjamin@mlc-munich.de<\/p>\n<p>Wir freuen uns auf den gemeinsamen Tag mit euch!<\/p>\n","protected":false},"excerpt":{"rendered":"<p>Fast schon traditionell erwandern wir uns zum Start der Pride-Week in M\u00fcnchen gemeinsam mit unseren Freunden vom GOC, der queeren Sektion des Deutschen Alpenvereins die M\u00fcnchener Hausberge: Dieses Jahr geht\u00b4s vom Schliersee \u00fcber die Gindel- und Neureuthalm zum Tegernsee. Die Tour ist damit deutlich weniger anstrengend, wie unser vergangener Wandertag auf den Wank bei Garmisch. Damit das gemeinsame Kennenlernen schon auf der Fahrt mit einer Brezn (wird vom MLC beigesteuert) beginnen kann, fahren wir mit der Bahn nach Schliersee. Die [&hellip;]<\/p>\n","protected":false},"author":7,"featured_media":0,"template":"","meta":{"_tribe_events_status":"","_tribe_events_status_reason":"","_tribe_events_is_hybrid":"","_tribe_events_is_virtual":"","_tribe_events_virtual_video_source":"","_tribe_events_virtual_embed_video":"","_tribe_events_virtual_linked_button_text":"","_tribe_events_virtual_linked_button":"","_tribe_events_virtual_show_embed_at":"","_tribe_events_virtual_show_embed_to":[],"_tribe_events_virtual_show_on_event":"","_tribe_events_virtual_show_on_views":"","_tribe_events_virtual_url":"","footnotes":""},"tags":[],"tribe_events_cat":[103],"class_list":["post-26146","tribe_events","type-tribe_events","status-publish","hentry","tribe_events_cat-special-events","cat_special-events","post"],"translation":{"provider":"WPGlobus","version":"3.0.2","language":"en","enabled_languages":["de","en"],"languages":{"de":{"title":true,"content":true,"excerpt":false},"en":{"title":false,"content":false,"excerpt":false}}},"yoast_head":"<!-- This site is optimized with the Yoast SEO plugin v27.4 - https:\/\/yoast.com\/product\/yoast-seo-wordpress\/ -->\n<title>MLC Wandertag gemeinsam mit dem GOC - M\u00fcnchner L\u00f6wen Club e.V.<\/title>\n<meta name=\"robots\" content=\"index, follow, max-snippet:-1, max-image-preview:large, max-video-preview:-1\" \/>\n<link rel=\"canonical\" href=\"https:\/\/www.mlc-munich.de\/web\/veranstaltung\/mlc-wandertag-gemeinsam-mit-dem-goc\/\" \/>\n<meta property=\"og:locale\" content=\"en_US\" \/>\n<meta property=\"og:type\" content=\"article\" \/>\n<meta property=\"og:title\" content=\"MLC Wandertag gemeinsam mit dem GOC - M\u00fcnchner L\u00f6wen Club e.V.\" \/>\n<meta property=\"og:url\" content=\"https:\/\/www.mlc-munich.de\/web\/veranstaltung\/mlc-wandertag-gemeinsam-mit-dem-goc\/\" \/>\n<meta property=\"og:site_name\" content=\"M\u00fcnchner L\u00f6wen Club e.V.\" \/>\n<meta property=\"article:modified_time\" content=\"2026-03-11T07:18:38+00:00\" \/>\n<meta property=\"og:image\" content=\"https:\/\/www.mlc-munich.de\/web\/wp-content\/uploads\/2019\/03\/cropped-logo_mlc_munich.jpg\" \/>\n\t<meta property=\"og:image:width\" content=\"512\" \/>\n\t<meta property=\"og:image:height\" content=\"512\" \/>\n\t<meta property=\"og:image:type\" content=\"image\/jpeg\" \/>\n<meta name=\"twitter:card\" content=\"summary_large_image\" \/>\n<meta name=\"twitter:label1\" content=\"Est. reading time\" \/>\n\t<meta name=\"twitter:data1\" content=\"1 minute\" \/>\n<script type=\"application\/ld+json\" class=\"yoast-schema-graph\">{\"@context\":\"https:\\\/\\\/schema.org\",\"@graph\":[{\"@type\":\"WebPage\",\"@id\":\"https:\\\/\\\/www.mlc-munich.de\\\/web\\\/veranstaltung\\\/mlc-wandertag-gemeinsam-mit-dem-goc\\\/\",\"url\":\"https:\\\/\\\/www.mlc-munich.de\\\/web\\\/veranstaltung\\\/mlc-wandertag-gemeinsam-mit-dem-goc\\\/\",\"name\":\"MLC Wandertag gemeinsam mit dem GOC - M\u00fcnchner L\u00f6wen Club e.V.\",\"isPartOf\":{\"@id\":\"https:\\\/\\\/www.mlc-munich.de\\\/web\\\/#website\"},\"datePublished\":\"2026-03-11T07:18:03+00:00\",\"dateModified\":\"2026-03-11T07:18:38+00:00\",\"breadcrumb\":{\"@id\":\"https:\\\/\\\/www.mlc-munich.de\\\/web\\\/veranstaltung\\\/mlc-wandertag-gemeinsam-mit-dem-goc\\\/#breadcrumb\"},\"inLanguage\":\"en-US\",\"potentialAction\":[{\"@type\":\"ReadAction\",\"target\":[\"https:\\\/\\\/www.mlc-munich.de\\\/web\\\/veranstaltung\\\/mlc-wandertag-gemeinsam-mit-dem-goc\\\/\"]}]},{\"@type\":\"BreadcrumbList\",\"@id\":\"https:\\\/\\\/www.mlc-munich.de\\\/web\\\/veranstaltung\\\/mlc-wandertag-gemeinsam-mit-dem-goc\\\/#breadcrumb\",\"itemListElement\":[{\"@type\":\"ListItem\",\"position\":1,\"name\":\"Startseite\",\"item\":\"https:\\\/\\\/www.mlc-munich.de\\\/web\\\/\"},{\"@type\":\"ListItem\",\"position\":2,\"name\":\"Veranstaltungen\",\"item\":\"https:\\\/\\\/www.mlc-munich.de\\\/web\\\/veranstaltungen\\\/\"},{\"@type\":\"ListItem\",\"position\":3,\"name\":\"MLC Wandertag gemeinsam mit dem GOC\"}]},{\"@type\":\"WebSite\",\"@id\":\"https:\\\/\\\/www.mlc-munich.de\\\/web\\\/#website\",\"url\":\"https:\\\/\\\/www.mlc-munich.de\\\/web\\\/\",\"name\":\"M\u00fcnchner L\u00f6wen Club e.V.\",\"description\":\"M\u00fcnchner L\u00f6wen Club e.V.\",\"publisher\":{\"@id\":\"https:\\\/\\\/www.mlc-munich.de\\\/web\\\/#organization\"},\"potentialAction\":[{\"@type\":\"SearchAction\",\"target\":{\"@type\":\"EntryPoint\",\"urlTemplate\":\"https:\\\/\\\/www.mlc-munich.de\\\/web\\\/?s={search_term_string}\"},\"query-input\":{\"@type\":\"PropertyValueSpecification\",\"valueRequired\":true,\"valueName\":\"search_term_string\"}}],\"inLanguage\":\"en-US\"},{\"@type\":\"Organization\",\"@id\":\"https:\\\/\\\/www.mlc-munich.de\\\/web\\\/#organization\",\"name\":\"M\u00fcnchner L\u00f6wen Club e.V.\",\"url\":\"https:\\\/\\\/www.mlc-munich.de\\\/web\\\/\",\"logo\":{\"@type\":\"ImageObject\",\"inLanguage\":\"en-US\",\"@id\":\"https:\\\/\\\/www.mlc-munich.de\\\/web\\\/#\\\/schema\\\/logo\\\/image\\\/\",\"url\":\"https:\\\/\\\/www.mlc-munich.de\\\/web\\\/wp-content\\\/uploads\\\/2018\\\/05\\\/logo_250x95px-Kopie.png\",\"contentUrl\":\"https:\\\/\\\/www.mlc-munich.de\\\/web\\\/wp-content\\\/uploads\\\/2018\\\/05\\\/logo_250x95px-Kopie.png\",\"width\":250,\"height\":95,\"caption\":\"M\u00fcnchner L\u00f6wen Club e.V.\"},\"image\":{\"@id\":\"https:\\\/\\\/www.mlc-munich.de\\\/web\\\/#\\\/schema\\\/logo\\\/image\\\/\"}}]}<\/script>\n<!-- \/ Yoast SEO plugin. -->","yoast_head_json":{"title":"MLC Wandertag gemeinsam mit dem GOC - M\u00fcnchner L\u00f6wen Club e.V.","robots":{"index":"index","follow":"follow","max-snippet":"max-snippet:-1","max-image-preview":"max-image-preview:large","max-video-preview":"max-video-preview:-1"},"canonical":"https:\/\/www.mlc-munich.de\/web\/veranstaltung\/mlc-wandertag-gemeinsam-mit-dem-goc\/","og_locale":"en_US","og_type":"article","og_title":"MLC Wandertag gemeinsam mit dem GOC - M\u00fcnchner L\u00f6wen Club e.V.","og_url":"https:\/\/www.mlc-munich.de\/web\/veranstaltung\/mlc-wandertag-gemeinsam-mit-dem-goc\/","og_site_name":"M\u00fcnchner L\u00f6wen Club e.V.","article_modified_time":"2026-03-11T07:18:38+00:00","og_image":[{"width":512,"height":512,"url":"https:\/\/www.mlc-munich.de\/web\/wp-content\/uploads\/2019\/03\/cropped-logo_mlc_munich.jpg","type":"image\/jpeg"}],"twitter_card":"summary_large_image","twitter_misc":{"Est. reading time":"1 minute"},"schema":{"@context":"https:\/\/schema.org","@graph":[{"@type":"WebPage","@id":"https:\/\/www.mlc-munich.de\/web\/veranstaltung\/mlc-wandertag-gemeinsam-mit-dem-goc\/","url":"https:\/\/www.mlc-munich.de\/web\/veranstaltung\/mlc-wandertag-gemeinsam-mit-dem-goc\/","name":"MLC Wandertag gemeinsam mit dem GOC - M\u00fcnchner L\u00f6wen Club e.V.","isPartOf":{"@id":"https:\/\/www.mlc-munich.de\/web\/#website"},"datePublished":"2026-03-11T07:18:03+00:00","dateModified":"2026-03-11T07:18:38+00:00","breadcrumb":{"@id":"https:\/\/www.mlc-munich.de\/web\/veranstaltung\/mlc-wandertag-gemeinsam-mit-dem-goc\/#breadcrumb"},"inLanguage":"en-US","potentialAction":[{"@type":"ReadAction","target":["https:\/\/www.mlc-munich.de\/web\/veranstaltung\/mlc-wandertag-gemeinsam-mit-dem-goc\/"]}]},{"@type":"BreadcrumbList","@id":"https:\/\/www.mlc-munich.de\/web\/veranstaltung\/mlc-wandertag-gemeinsam-mit-dem-goc\/#breadcrumb","itemListElement":[{"@type":"ListItem","position":1,"name":"Startseite","item":"https:\/\/www.mlc-munich.de\/web\/"},{"@type":"ListItem","position":2,"name":"Veranstaltungen","item":"https:\/\/www.mlc-munich.de\/web\/veranstaltungen\/"},{"@type":"ListItem","position":3,"name":"MLC Wandertag gemeinsam mit dem GOC"}]},{"@type":"WebSite","@id":"https:\/\/www.mlc-munich.de\/web\/#website","url":"https:\/\/www.mlc-munich.de\/web\/","name":"M\u00fcnchner L\u00f6wen Club e.V.","description":"M\u00fcnchner L\u00f6wen Club e.V.","publisher":{"@id":"https:\/\/www.mlc-munich.de\/web\/#organization"},"potentialAction":[{"@type":"SearchAction","target":{"@type":"EntryPoint","urlTemplate":"https:\/\/www.mlc-munich.de\/web\/?s={search_term_string}"},"query-input":{"@type":"PropertyValueSpecification","valueRequired":true,"valueName":"search_term_string"}}],"inLanguage":"en-US"},{"@type":"Organization","@id":"https:\/\/www.mlc-munich.de\/web\/#organization","name":"M\u00fcnchner L\u00f6wen Club e.V.","url":"https:\/\/www.mlc-munich.de\/web\/","logo":{"@type":"ImageObject","inLanguage":"en-US","@id":"https:\/\/www.mlc-munich.de\/web\/#\/schema\/logo\/image\/","url":"https:\/\/www.mlc-munich.de\/web\/wp-content\/uploads\/2018\/05\/logo_250x95px-Kopie.png","contentUrl":"https:\/\/www.mlc-munich.de\/web\/wp-content\/uploads\/2018\/05\/logo_250x95px-Kopie.png","width":250,"height":95,"caption":"M\u00fcnchner L\u00f6wen Club e.V."},"image":{"@id":"https:\/\/www.mlc-munich.de\/web\/#\/schema\/logo\/image\/"}}]}},"_links":{"self":[{"href":"https:\/\/www.mlc-munich.de\/web\/en\/wp-json\/wp\/v2\/tribe_events\/26146","targetHints":{"allow":["GET"]}}],"collection":[{"href":"https:\/\/www.mlc-munich.de\/web\/en\/wp-json\/wp\/v2\/tribe_events"}],"about":[{"href":"https:\/\/www.mlc-munich.de\/web\/en\/wp-json\/wp\/v2\/types\/tribe_events"}],"author":[{"embeddable":true,"href":"https:\/\/www.mlc-munich.de\/web\/en\/wp-json\/wp\/v2\/users\/7"}],"version-history":[{"count":2,"href":"https:\/\/www.mlc-munich.de\/web\/en\/wp-json\/wp\/v2\/tribe_events\/26146\/revisions"}],"predecessor-version":[{"id":26149,"href":"https:\/\/www.mlc-munich.de\/web\/en\/wp-json\/wp\/v2\/tribe_events\/26146\/revisions\/26149"}],"wp:attachment":[{"href":"https:\/\/www.mlc-munich.de\/web\/en\/wp-json\/wp\/v2\/media?parent=26146"}],"wp:term":[{"taxonomy":"post_tag","embeddable":true,"href":"https:\/\/www.mlc-munich.de\/web\/en\/wp-json\/wp\/v2\/tags?post=26146"},{"taxonomy":"tribe_events_cat","embeddable":true,"href":"https:\/\/www.mlc-munich.de\/web\/en\/wp-json\/wp\/v2\/tribe_events_cat?post=26146"}],"curies":[{"name":"wp","href":"https:\/\/api.w.org\/{rel}","templated":true}]}}

<p>Fast schon traditionell erwandern wir uns zum Start der Pride-Week in München gemeinsam mit unseren Freunden vom GOC, der queeren Sektion des Deutschen Alpenvereins die Münchener Hausberge: Dieses Jahr geht´s vom Schliersee über die Gindel- und Neureuthalm zum Tegernsee. Die Tour ist damit deutlich weniger anstrengend, wie unser vergangener Wandertag auf den Wank bei Garmisch. </p>
<p>Damit das gemeinsame Kennenlernen schon auf der Fahrt mit einer Brezn (wird vom MLC beigesteuert) beginnen kann, fahren wir mit der Bahn nach Schliersee. Die Almen laden zum Rasten mit Ratschen ein und auf dem/der Gindelalmschneeid machen wir das ebenfalls schon traditionelle 2-Fahnen-Gipfelfoto. In Tegernsee spendiert der GOC ein Eis am Stil oder in der Tüte ein und zum Abschluß  springen wir vielleicht noch in den Tegernsee bevor es mit der Bahn zurück nach München geht.</p>
<p>Wer am Abend dann noch mit den neuen oder alten Freunden feiern will, ist dazu ins UnderGround zur Sneakers&#038;Sports&#038;Scally Party eingeladen.</p>
<p>Erforderliche Ausrüstung: Bergschuhe, Sonnenschutz und Getränke<br />
Treffpunkt wird nach der Anmeldung mitgeteilt.</p>
<p>Anmeldung per E-Mail erforderlich an: benjamin@mlc-munich.de</p>
<p>Wir freuen uns auf den gemeinsamen Tag mit euch!</p>

<p>Fast schon traditionell erwandern wir uns zum Start der Pride-Week in München gemeinsam mit unseren Freunden vom GOC, der queeren Sektion des Deutschen Alpenvereins die Münchener Hausberge: Dieses Jahr geht´s vom Schliersee über die Gindel- und Neureuthalm zum Tegernsee. Die Tour ist damit deutlich weniger anstrengend, wie unser vergangener Wandertag auf den Wank bei Garmisch. Damit das gemeinsame Kennenlernen schon auf der Fahrt mit einer Brezn (wird vom MLC beigesteuert) beginnen kann, fahren wir mit der Bahn nach Schliersee. Die [&hellip;]</p>

<!-- This site is optimized with the Yoast SEO plugin v27.4 - https://yoast.com/product/yoast-seo-wordpress/ -->
<title>MLC Wandertag gemeinsam mit dem GOC - Münchner Löwen Club e.V.</title>
<meta name="robots" content="index, follow, max-snippet:-1, max-image-preview:large, max-video-preview:-1" />
<link rel="canonical" href="https://www.mlc-munich.de/web/veranstaltung/mlc-wandertag-gemeinsam-mit-dem-goc/" />
<meta property="og:locale" content="en_US" />
<meta property="og:type" content="article" />
<meta property="og:title" content="MLC Wandertag gemeinsam mit dem GOC - Münchner Löwen Club e.V." />
<meta property="og:url" content="https://www.mlc-munich.de/web/veranstaltung/mlc-wandertag-gemeinsam-mit-dem-goc/" />
<meta property="og:site_name" content="Münchner Löwen Club e.V." />
<meta property="article:modified_time" content="2026-03-11T07:18:38+00:00" />
<meta property="og:image" content="https://www.mlc-munich.de/web/wp-content/uploads/2019/03/cropped-logo_mlc_munich.jpg" />
	<meta property="og:image:width" content="512" />
	<meta property="og:image:height" content="512" />
	<meta property="og:image:type" content="image/jpeg" />
<meta name="twitter:card" content="summary_large_image" />
<meta name="twitter:label1" content="Est. reading time" />
	<meta name="twitter:data1" content="1 minute" />
<script type="application/ld+json" class="yoast-schema-graph">{"@context":"https:\/\/schema.org","@graph":[{"@type":"WebPage","@id":"https:\/\/www.mlc-munich.de\/web\/veranstaltung\/mlc-wandertag-gemeinsam-mit-dem-goc\/","url":"https:\/\/www.mlc-munich.de\/web\/veranstaltung\/mlc-wandertag-gemeinsam-mit-dem-goc\/","name":"MLC Wandertag gemeinsam mit dem GOC - Münchner Löwen Club e.V.","isPartOf":{"@id":"https:\/\/www.mlc-munich.de\/web\/#website"},"datePublished":"2026-03-11T07:18:03+00:00","dateModified":"2026-03-11T07:18:38+00:00","breadcrumb":{"@id":"https:\/\/www.mlc-munich.de\/web\/veranstaltung\/mlc-wandertag-gemeinsam-mit-dem-goc\/#breadcrumb"},"inLanguage":"en-US","potentialAction":[{"@type":"ReadAction","target":["https:\/\/www.mlc-munich.de\/web\/veranstaltung\/mlc-wandertag-gemeinsam-mit-dem-goc\/"]}]},{"@type":"BreadcrumbList","@id":"https:\/\/www.mlc-munich.de\/web\/veranstaltung\/mlc-wandertag-gemeinsam-mit-dem-goc\/#breadcrumb","itemListElement":[{"@type":"ListItem","position":1,"name":"Startseite","item":"https:\/\/www.mlc-munich.de\/web\/"},{"@type":"ListItem","position":2,"name":"Veranstaltungen","item":"https:\/\/www.mlc-munich.de\/web\/veranstaltungen\/"},{"@type":"ListItem","position":3,"name":"MLC Wandertag gemeinsam mit dem GOC"}]},{"@type":"WebSite","@id":"https:\/\/www.mlc-munich.de\/web\/#website","url":"https:\/\/www.mlc-munich.de\/web\/","name":"Münchner Löwen Club e.V.","description":"Münchner Löwen Club e.V.","publisher":{"@id":"https:\/\/www.mlc-munich.de\/web\/#organization"},"potentialAction":[{"@type":"SearchAction","target":{"@type":"EntryPoint","urlTemplate":"https:\/\/www.mlc-munich.de\/web\/?s={search_term_string}"},"query-input":{"@type":"PropertyValueSpecification","valueRequired":true,"valueName":"search_term_string"}}],"inLanguage":"en-US"},{"@type":"Organization","@id":"https:\/\/www.mlc-munich.de\/web\/#organization","name":"Münchner Löwen Club e.V.","url":"https:\/\/www.mlc-munich.de\/web\/","logo":{"@type":"ImageObject","inLanguage":"en-US","@id":"https:\/\/www.mlc-munich.de\/web\/#\/schema\/logo\/image\/","url":"https:\/\/www.mlc-munich.de\/web\/wp-content\/uploads\/2018\/05\/logo_250x95px-Kopie.png","contentUrl":"https:\/\/www.mlc-munich.de\/web\/wp-content\/uploads\/2018\/05\/logo_250x95px-Kopie.png","width":250,"height":95,"caption":"Münchner Löwen Club e.V."},"image":{"@id":"https:\/\/www.mlc-munich.de\/web\/#\/schema\/logo\/image\/"}}]}</script>
<!-- / Yoast SEO plugin. -->

MLC Wandertag gemeinsam mit dem GOC - Münchner Löwen Club e.V.

Münchner Löwen Club e.V.
