{"id":364,"date":"2018-04-30T13:00:47","date_gmt":"2018-04-30T11:00:47","guid":{"rendered":"https:\/\/www.mlc-munich.de\/web\/?page_id=364"},"modified":"2026-03-02T21:46:28","modified_gmt":"2026-03-02T20:46:28","slug":"der-vorstand","status":"publish","type":"page","link":"https:\/\/www.mlc-munich.de\/web\/der-mlc\/der-vorstand\/","title":{"rendered":"Der Vorstand"},"content":{"rendered":"<p><a href=\"https:\/\/www.mlc-munich.de\/web\/wp-content\/uploads\/2023\/04\/VorstandGS06.png\"><img loading=\"lazy\" decoding=\"async\" class=\"alignright wp-image-6846\" src=\"https:\/\/www.mlc-munich.de\/web\/wp-content\/uploads\/2023\/04\/VorstandGS06.png\" alt=\"\" width=\"316\" height=\"421\" srcset=\"https:\/\/www.mlc-munich.de\/web\/wp-content\/uploads\/2023\/04\/VorstandGS06.png 1050w, https:\/\/www.mlc-munich.de\/web\/wp-content\/uploads\/2023\/04\/VorstandGS06-450x600.png 450w, https:\/\/www.mlc-munich.de\/web\/wp-content\/uploads\/2023\/04\/VorstandGS06-768x1024.png 768w\" sizes=\"auto, (max-width: 316px) 100vw, 316px\" \/><\/a>Der MLC wird ehrenamtlich von einem dreik\u00f6pfigen Vorstand geleitet: Curtis, Benjamin und Martin.\u00a0Dieser wird alle zwei Jahre auf der Mitgliederversammlung gew\u00e4hlt. Alle drei Vorst\u00e4nde sind gleichberechtigt.<\/p>\n<p>Zu den Aufgaben geh\u00f6ren unter anderem die Organisation des UnderGround-Betriebs, des Vereinslebens sowie der Gro\u00dfveranstaltungen wie das Starkbierfest und das Oktoberfesttreffen.<\/p>\n<p>Der Partybetrieb im Clublokal UnderGround wird durch eine Vielzahl an ehrenamtlichen Helfern erm\u00f6glicht. Daneben wird der Vorstand in folgenden Bereichen teils durch ehrenamtliche Helfer unterst\u00fctzt:<\/p>\n<ul>\n<li>Clubsekretariat<\/li>\n<li>Grafik &amp; Design<\/li>\n<li>Buchhaltung &amp; Steuern<\/li>\n<li>Hausmeister &amp; Reinigung<\/li>\n<li>Datenschutz<\/li>\n<\/ul>\n","protected":false},"excerpt":{"rendered":"<p>Der MLC wird ehrenamtlich von einem dreik\u00f6pfigen Vorstand geleitet: Curtis, Benjamin und Martin.\u00a0Dieser wird alle zwei Jahre auf der Mitgliederversammlung gew\u00e4hlt. Alle drei Vorst\u00e4nde sind gleichberechtigt. Zu den Aufgaben geh\u00f6ren unter anderem die Organisation des UnderGround-Betriebs, des Vereinslebens sowie der Gro\u00dfveranstaltungen wie das Starkbierfest und das Oktoberfesttreffen. Der Partybetrieb im Clublokal UnderGround wird durch eine Vielzahl an ehrenamtlichen Helfern erm\u00f6glicht. Daneben wird der Vorstand in folgenden Bereichen teils durch ehrenamtliche Helfer unterst\u00fctzt: Clubsekretariat Grafik &amp; Design Buchhaltung &amp; Steuern Hausmeister [&hellip;]<\/p>\n","protected":false},"author":2,"featured_media":0,"parent":166,"menu_order":10,"comment_status":"closed","ping_status":"closed","template":"","meta":{"footnotes":""},"class_list":["post-364","page","type-page","status-publish","hentry","post"],"translation":{"provider":"WPGlobus","version":"3.0.2","language":"de","enabled_languages":["de","en"],"languages":{"de":{"title":true,"content":true,"excerpt":false},"en":{"title":true,"content":true,"excerpt":false}}},"yoast_head":"<!-- This site is optimized with the Yoast SEO plugin v27.4 - https:\/\/yoast.com\/product\/yoast-seo-wordpress\/ -->\n<title>Der Vorstand - MLC M\u00fcnchner L\u00f6wen Club e.V.<\/title>\n<meta name=\"robots\" content=\"index, follow, max-snippet:-1, max-image-preview:large, max-video-preview:-1\" \/>\n<link rel=\"canonical\" href=\"https:\/\/www.mlc-munich.de\/web\/der-mlc\/der-vorstand\/\" \/>\n<meta property=\"og:locale\" content=\"de_DE\" \/>\n<meta property=\"og:type\" content=\"article\" \/>\n<meta property=\"og:title\" content=\"Der Vorstand - MLC M\u00fcnchner L\u00f6wen Club e.V.\" \/>\n<meta property=\"og:url\" content=\"https:\/\/www.mlc-munich.de\/web\/der-mlc\/der-vorstand\/\" \/>\n<meta property=\"og:site_name\" content=\"MLC M\u00fcnchner L\u00f6wen Club e.V.\" \/>\n<meta property=\"article:modified_time\" content=\"2026-03-02T20:46:28+00:00\" \/>\n<meta property=\"og:image\" content=\"https:\/\/www.mlc-munich.de\/web\/wp-content\/uploads\/2023\/04\/VorstandGS06.png\" \/>\n\t<meta property=\"og:image:width\" content=\"720\" \/>\n\t<meta property=\"og:image:height\" content=\"960\" \/>\n\t<meta property=\"og:image:type\" content=\"image\/png\" \/>\n<meta name=\"twitter:card\" content=\"summary_large_image\" \/>\n<meta name=\"twitter:label1\" content=\"Gesch\u00e4tzte Lesezeit\" \/>\n\t<meta name=\"twitter:data1\" content=\"1\u00a0Minute\" \/>\n<script type=\"application\/ld+json\" class=\"yoast-schema-graph\">{\"@context\":\"https:\\\/\\\/schema.org\",\"@graph\":[{\"@type\":\"WebPage\",\"@id\":\"https:\\\/\\\/www.mlc-munich.de\\\/web\\\/der-mlc\\\/der-vorstand\\\/\",\"url\":\"https:\\\/\\\/www.mlc-munich.de\\\/web\\\/der-mlc\\\/der-vorstand\\\/\",\"name\":\"Der Vorstand - MLC M\u00fcnchner L\u00f6wen Club e.V.\",\"isPartOf\":{\"@id\":\"https:\\\/\\\/www.mlc-munich.de\\\/web\\\/#website\"},\"primaryImageOfPage\":{\"@id\":\"https:\\\/\\\/www.mlc-munich.de\\\/web\\\/der-mlc\\\/der-vorstand\\\/#primaryimage\"},\"image\":{\"@id\":\"https:\\\/\\\/www.mlc-munich.de\\\/web\\\/der-mlc\\\/der-vorstand\\\/#primaryimage\"},\"thumbnailUrl\":\"https:\\\/\\\/www.mlc-munich.de\\\/web\\\/wp-content\\\/uploads\\\/2023\\\/04\\\/VorstandGS06.png\",\"datePublished\":\"2018-04-30T11:00:47+00:00\",\"dateModified\":\"2026-03-02T20:46:28+00:00\",\"breadcrumb\":{\"@id\":\"https:\\\/\\\/www.mlc-munich.de\\\/web\\\/der-mlc\\\/der-vorstand\\\/#breadcrumb\"},\"inLanguage\":\"de\",\"potentialAction\":[{\"@type\":\"ReadAction\",\"target\":[\"https:\\\/\\\/www.mlc-munich.de\\\/web\\\/der-mlc\\\/der-vorstand\\\/\"]}]},{\"@type\":\"ImageObject\",\"inLanguage\":\"de\",\"@id\":\"https:\\\/\\\/www.mlc-munich.de\\\/web\\\/der-mlc\\\/der-vorstand\\\/#primaryimage\",\"url\":\"https:\\\/\\\/www.mlc-munich.de\\\/web\\\/wp-content\\\/uploads\\\/2023\\\/04\\\/VorstandGS06.png\",\"contentUrl\":\"https:\\\/\\\/www.mlc-munich.de\\\/web\\\/wp-content\\\/uploads\\\/2023\\\/04\\\/VorstandGS06.png\",\"width\":1050,\"height\":1400},{\"@type\":\"BreadcrumbList\",\"@id\":\"https:\\\/\\\/www.mlc-munich.de\\\/web\\\/der-mlc\\\/der-vorstand\\\/#breadcrumb\",\"itemListElement\":[{\"@type\":\"ListItem\",\"position\":1,\"name\":\"Startseite\",\"item\":\"https:\\\/\\\/www.mlc-munich.de\\\/web\\\/\"},{\"@type\":\"ListItem\",\"position\":2,\"name\":\"Der MLC\",\"item\":\"https:\\\/\\\/www.mlc-munich.de\\\/web\\\/der-mlc\\\/\"},{\"@type\":\"ListItem\",\"position\":3,\"name\":\"Der Vorstand\"}]},{\"@type\":\"WebSite\",\"@id\":\"https:\\\/\\\/www.mlc-munich.de\\\/web\\\/#website\",\"url\":\"https:\\\/\\\/www.mlc-munich.de\\\/web\\\/\",\"name\":\"MLC M\u00fcnchner L\u00f6wen Club e.V.\",\"description\":\"MLC M\u00fcnchner L\u00f6wen Club e.V.\",\"publisher\":{\"@id\":\"https:\\\/\\\/www.mlc-munich.de\\\/web\\\/#organization\"},\"potentialAction\":[{\"@type\":\"SearchAction\",\"target\":{\"@type\":\"EntryPoint\",\"urlTemplate\":\"https:\\\/\\\/www.mlc-munich.de\\\/web\\\/?s={search_term_string}\"},\"query-input\":{\"@type\":\"PropertyValueSpecification\",\"valueRequired\":true,\"valueName\":\"search_term_string\"}}],\"inLanguage\":\"de\"},{\"@type\":\"Organization\",\"@id\":\"https:\\\/\\\/www.mlc-munich.de\\\/web\\\/#organization\",\"name\":\"MLC M\u00fcnchner L\u00f6wen Club e.V.\",\"url\":\"https:\\\/\\\/www.mlc-munich.de\\\/web\\\/\",\"logo\":{\"@type\":\"ImageObject\",\"inLanguage\":\"de\",\"@id\":\"https:\\\/\\\/www.mlc-munich.de\\\/web\\\/#\\\/schema\\\/logo\\\/image\\\/\",\"url\":\"https:\\\/\\\/www.mlc-munich.de\\\/web\\\/wp-content\\\/uploads\\\/2018\\\/05\\\/logo_250x95px-Kopie.png\",\"contentUrl\":\"https:\\\/\\\/www.mlc-munich.de\\\/web\\\/wp-content\\\/uploads\\\/2018\\\/05\\\/logo_250x95px-Kopie.png\",\"width\":250,\"height\":95,\"caption\":\"MLC M\u00fcnchner L\u00f6wen Club e.V.\"},\"image\":{\"@id\":\"https:\\\/\\\/www.mlc-munich.de\\\/web\\\/#\\\/schema\\\/logo\\\/image\\\/\"}}]}<\/script>\n<!-- \/ Yoast SEO plugin. -->","yoast_head_json":{"title":"Der Vorstand - MLC M\u00fcnchner L\u00f6wen Club e.V.","robots":{"index":"index","follow":"follow","max-snippet":"max-snippet:-1","max-image-preview":"max-image-preview:large","max-video-preview":"max-video-preview:-1"},"canonical":"https:\/\/www.mlc-munich.de\/web\/der-mlc\/der-vorstand\/","og_locale":"de_DE","og_type":"article","og_title":"Der Vorstand - MLC M\u00fcnchner L\u00f6wen Club e.V.","og_url":"https:\/\/www.mlc-munich.de\/web\/der-mlc\/der-vorstand\/","og_site_name":"MLC M\u00fcnchner L\u00f6wen Club e.V.","article_modified_time":"2026-03-02T20:46:28+00:00","og_image":[{"url":"https:\/\/www.mlc-munich.de\/web\/wp-content\/uploads\/2023\/04\/VorstandGS06.png","width":720,"height":960,"type":"image\/png"}],"twitter_card":"summary_large_image","twitter_misc":{"Gesch\u00e4tzte Lesezeit":"1\u00a0Minute"},"schema":{"@context":"https:\/\/schema.org","@graph":[{"@type":"WebPage","@id":"https:\/\/www.mlc-munich.de\/web\/der-mlc\/der-vorstand\/","url":"https:\/\/www.mlc-munich.de\/web\/der-mlc\/der-vorstand\/","name":"Der Vorstand - MLC M\u00fcnchner L\u00f6wen Club e.V.","isPartOf":{"@id":"https:\/\/www.mlc-munich.de\/web\/#website"},"primaryImageOfPage":{"@id":"https:\/\/www.mlc-munich.de\/web\/der-mlc\/der-vorstand\/#primaryimage"},"image":{"@id":"https:\/\/www.mlc-munich.de\/web\/der-mlc\/der-vorstand\/#primaryimage"},"thumbnailUrl":"https:\/\/www.mlc-munich.de\/web\/wp-content\/uploads\/2023\/04\/VorstandGS06.png","datePublished":"2018-04-30T11:00:47+00:00","dateModified":"2026-03-02T20:46:28+00:00","breadcrumb":{"@id":"https:\/\/www.mlc-munich.de\/web\/der-mlc\/der-vorstand\/#breadcrumb"},"inLanguage":"de","potentialAction":[{"@type":"ReadAction","target":["https:\/\/www.mlc-munich.de\/web\/der-mlc\/der-vorstand\/"]}]},{"@type":"ImageObject","inLanguage":"de","@id":"https:\/\/www.mlc-munich.de\/web\/der-mlc\/der-vorstand\/#primaryimage","url":"https:\/\/www.mlc-munich.de\/web\/wp-content\/uploads\/2023\/04\/VorstandGS06.png","contentUrl":"https:\/\/www.mlc-munich.de\/web\/wp-content\/uploads\/2023\/04\/VorstandGS06.png","width":1050,"height":1400},{"@type":"BreadcrumbList","@id":"https:\/\/www.mlc-munich.de\/web\/der-mlc\/der-vorstand\/#breadcrumb","itemListElement":[{"@type":"ListItem","position":1,"name":"Startseite","item":"https:\/\/www.mlc-munich.de\/web\/"},{"@type":"ListItem","position":2,"name":"Der MLC","item":"https:\/\/www.mlc-munich.de\/web\/der-mlc\/"},{"@type":"ListItem","position":3,"name":"Der Vorstand"}]},{"@type":"WebSite","@id":"https:\/\/www.mlc-munich.de\/web\/#website","url":"https:\/\/www.mlc-munich.de\/web\/","name":"MLC M\u00fcnchner L\u00f6wen Club e.V.","description":"MLC M\u00fcnchner L\u00f6wen Club e.V.","publisher":{"@id":"https:\/\/www.mlc-munich.de\/web\/#organization"},"potentialAction":[{"@type":"SearchAction","target":{"@type":"EntryPoint","urlTemplate":"https:\/\/www.mlc-munich.de\/web\/?s={search_term_string}"},"query-input":{"@type":"PropertyValueSpecification","valueRequired":true,"valueName":"search_term_string"}}],"inLanguage":"de"},{"@type":"Organization","@id":"https:\/\/www.mlc-munich.de\/web\/#organization","name":"MLC M\u00fcnchner L\u00f6wen Club e.V.","url":"https:\/\/www.mlc-munich.de\/web\/","logo":{"@type":"ImageObject","inLanguage":"de","@id":"https:\/\/www.mlc-munich.de\/web\/#\/schema\/logo\/image\/","url":"https:\/\/www.mlc-munich.de\/web\/wp-content\/uploads\/2018\/05\/logo_250x95px-Kopie.png","contentUrl":"https:\/\/www.mlc-munich.de\/web\/wp-content\/uploads\/2018\/05\/logo_250x95px-Kopie.png","width":250,"height":95,"caption":"MLC M\u00fcnchner L\u00f6wen Club e.V."},"image":{"@id":"https:\/\/www.mlc-munich.de\/web\/#\/schema\/logo\/image\/"}}]}},"_links":{"self":[{"href":"https:\/\/www.mlc-munich.de\/web\/wp-json\/wp\/v2\/pages\/364","targetHints":{"allow":["GET"]}}],"collection":[{"href":"https:\/\/www.mlc-munich.de\/web\/wp-json\/wp\/v2\/pages"}],"about":[{"href":"https:\/\/www.mlc-munich.de\/web\/wp-json\/wp\/v2\/types\/page"}],"author":[{"embeddable":true,"href":"https:\/\/www.mlc-munich.de\/web\/wp-json\/wp\/v2\/users\/2"}],"replies":[{"embeddable":true,"href":"https:\/\/www.mlc-munich.de\/web\/wp-json\/wp\/v2\/comments?post=364"}],"version-history":[{"count":23,"href":"https:\/\/www.mlc-munich.de\/web\/wp-json\/wp\/v2\/pages\/364\/revisions"}],"predecessor-version":[{"id":26031,"href":"https:\/\/www.mlc-munich.de\/web\/wp-json\/wp\/v2\/pages\/364\/revisions\/26031"}],"up":[{"embeddable":true,"href":"https:\/\/www.mlc-munich.de\/web\/wp-json\/wp\/v2\/pages\/166"}],"wp:attachment":[{"href":"https:\/\/www.mlc-munich.de\/web\/wp-json\/wp\/v2\/media?parent=364"}],"curies":[{"name":"wp","href":"https:\/\/api.w.org\/{rel}","templated":true}]}}

<p><a href="https://www.mlc-munich.de/web/wp-content/uploads/2023/04/VorstandGS06.png"><img loading="lazy" decoding="async" class="alignright wp-image-6846" src="https://www.mlc-munich.de/web/wp-content/uploads/2023/04/VorstandGS06.png" alt="" width="316" height="421" srcset="https://www.mlc-munich.de/web/wp-content/uploads/2023/04/VorstandGS06.png 1050w, https://www.mlc-munich.de/web/wp-content/uploads/2023/04/VorstandGS06-450x600.png 450w, https://www.mlc-munich.de/web/wp-content/uploads/2023/04/VorstandGS06-768x1024.png 768w" sizes="auto, (max-width: 316px) 100vw, 316px" /></a>Der MLC wird ehrenamtlich von einem dreiköpfigen Vorstand geleitet: Curtis, Benjamin und Martin. Dieser wird alle zwei Jahre auf der Mitgliederversammlung gewählt. Alle drei Vorstände sind gleichberechtigt.</p>
<p>Zu den Aufgaben gehören unter anderem die Organisation des UnderGround-Betriebs, des Vereinslebens sowie der Großveranstaltungen wie das Starkbierfest und das Oktoberfesttreffen.</p>
<p>Der Partybetrieb im Clublokal UnderGround wird durch eine Vielzahl an ehrenamtlichen Helfern ermöglicht. Daneben wird der Vorstand in folgenden Bereichen teils durch ehrenamtliche Helfer unterstützt:</p>
<ul>
<li>Clubsekretariat</li>
<li>Grafik &amp; Design</li>
<li>Buchhaltung &amp; Steuern</li>
<li>Hausmeister &amp; Reinigung</li>
<li>Datenschutz</li>
</ul>

<p>Der MLC wird ehrenamtlich von einem dreiköpfigen Vorstand geleitet: Curtis, Benjamin und Martin. Dieser wird alle zwei Jahre auf der Mitgliederversammlung gewählt. Alle drei Vorstände sind gleichberechtigt. Zu den Aufgaben gehören unter anderem die Organisation des UnderGround-Betriebs, des Vereinslebens sowie der Großveranstaltungen wie das Starkbierfest und das Oktoberfesttreffen. Der Partybetrieb im Clublokal UnderGround wird durch eine Vielzahl an ehrenamtlichen Helfern ermöglicht. Daneben wird der Vorstand in folgenden Bereichen teils durch ehrenamtliche Helfer unterstützt: Clubsekretariat Grafik &amp; Design Buchhaltung &amp; Steuern Hausmeister [&hellip;]</p>

<!-- This site is optimized with the Yoast SEO plugin v27.4 - https://yoast.com/product/yoast-seo-wordpress/ -->
<title>Der Vorstand - MLC Münchner Löwen Club e.V.</title>
<meta name="robots" content="index, follow, max-snippet:-1, max-image-preview:large, max-video-preview:-1" />
<link rel="canonical" href="https://www.mlc-munich.de/web/der-mlc/der-vorstand/" />
<meta property="og:locale" content="de_DE" />
<meta property="og:type" content="article" />
<meta property="og:title" content="Der Vorstand - MLC Münchner Löwen Club e.V." />
<meta property="og:url" content="https://www.mlc-munich.de/web/der-mlc/der-vorstand/" />
<meta property="og:site_name" content="MLC Münchner Löwen Club e.V." />
<meta property="article:modified_time" content="2026-03-02T20:46:28+00:00" />
<meta property="og:image" content="https://www.mlc-munich.de/web/wp-content/uploads/2023/04/VorstandGS06.png" />
	<meta property="og:image:width" content="720" />
	<meta property="og:image:height" content="960" />
	<meta property="og:image:type" content="image/png" />
<meta name="twitter:card" content="summary_large_image" />
<meta name="twitter:label1" content="Geschätzte Lesezeit" />
	<meta name="twitter:data1" content="1 Minute" />
<script type="application/ld+json" class="yoast-schema-graph">{"@context":"https:\/\/schema.org","@graph":[{"@type":"WebPage","@id":"https:\/\/www.mlc-munich.de\/web\/der-mlc\/der-vorstand\/","url":"https:\/\/www.mlc-munich.de\/web\/der-mlc\/der-vorstand\/","name":"Der Vorstand - MLC Münchner Löwen Club e.V.","isPartOf":{"@id":"https:\/\/www.mlc-munich.de\/web\/#website"},"primaryImageOfPage":{"@id":"https:\/\/www.mlc-munich.de\/web\/der-mlc\/der-vorstand\/#primaryimage"},"image":{"@id":"https:\/\/www.mlc-munich.de\/web\/der-mlc\/der-vorstand\/#primaryimage"},"thumbnailUrl":"https:\/\/www.mlc-munich.de\/web\/wp-content\/uploads\/2023\/04\/VorstandGS06.png","datePublished":"2018-04-30T11:00:47+00:00","dateModified":"2026-03-02T20:46:28+00:00","breadcrumb":{"@id":"https:\/\/www.mlc-munich.de\/web\/der-mlc\/der-vorstand\/#breadcrumb"},"inLanguage":"de","potentialAction":[{"@type":"ReadAction","target":["https:\/\/www.mlc-munich.de\/web\/der-mlc\/der-vorstand\/"]}]},{"@type":"ImageObject","inLanguage":"de","@id":"https:\/\/www.mlc-munich.de\/web\/der-mlc\/der-vorstand\/#primaryimage","url":"https:\/\/www.mlc-munich.de\/web\/wp-content\/uploads\/2023\/04\/VorstandGS06.png","contentUrl":"https:\/\/www.mlc-munich.de\/web\/wp-content\/uploads\/2023\/04\/VorstandGS06.png","width":1050,"height":1400},{"@type":"BreadcrumbList","@id":"https:\/\/www.mlc-munich.de\/web\/der-mlc\/der-vorstand\/#breadcrumb","itemListElement":[{"@type":"ListItem","position":1,"name":"Startseite","item":"https:\/\/www.mlc-munich.de\/web\/"},{"@type":"ListItem","position":2,"name":"Der MLC","item":"https:\/\/www.mlc-munich.de\/web\/der-mlc\/"},{"@type":"ListItem","position":3,"name":"Der Vorstand"}]},{"@type":"WebSite","@id":"https:\/\/www.mlc-munich.de\/web\/#website","url":"https:\/\/www.mlc-munich.de\/web\/","name":"MLC Münchner Löwen Club e.V.","description":"MLC Münchner Löwen Club e.V.","publisher":{"@id":"https:\/\/www.mlc-munich.de\/web\/#organization"},"potentialAction":[{"@type":"SearchAction","target":{"@type":"EntryPoint","urlTemplate":"https:\/\/www.mlc-munich.de\/web\/?s={search_term_string}"},"query-input":{"@type":"PropertyValueSpecification","valueRequired":true,"valueName":"search_term_string"}}],"inLanguage":"de"},{"@type":"Organization","@id":"https:\/\/www.mlc-munich.de\/web\/#organization","name":"MLC Münchner Löwen Club e.V.","url":"https:\/\/www.mlc-munich.de\/web\/","logo":{"@type":"ImageObject","inLanguage":"de","@id":"https:\/\/www.mlc-munich.de\/web\/#\/schema\/logo\/image\/","url":"https:\/\/www.mlc-munich.de\/web\/wp-content\/uploads\/2018\/05\/logo_250x95px-Kopie.png","contentUrl":"https:\/\/www.mlc-munich.de\/web\/wp-content\/uploads\/2018\/05\/logo_250x95px-Kopie.png","width":250,"height":95,"caption":"MLC Münchner Löwen Club e.V."},"image":{"@id":"https:\/\/www.mlc-munich.de\/web\/#\/schema\/logo\/image\/"}}]}</script>
<!-- / Yoast SEO plugin. -->

Der Vorstand - MLC Münchner Löwen Club e.V.

MLC Münchner Löwen Club e.V.
